t = 10, 5*i - 19 = -u*t - t. Suppose 3*q - 882 = -i*q. What is the tens digit of q?
4
Suppose 51251 - 71214 = -133*y + 768195. What is the hundreds digit of y?
9
Suppose -7*q - q + 440 = 0. What is the hundreds digit of 8130/q - 2/(-11)?
1
Suppose -22985 = -1498*p + 1507*p - 147590. What is the units digit of p?
5
Let c(f) = -24*f + 7. Let d(x) = -36*x + 11. Let o(w) = -8*c(w) + 5*d(w). Suppose 227 = -2*v + 231, 5*l + 5*v = 15. What is the units digit of o(l)?
1
Suppose -2*r + 4684 = 8*w, -20*r = -18*r + 4*w - 4652. What is the units digit of r?
0
Let z = -24762 - -44036. What is the hundreds digit of z?
2
Let y be ((-6)/10)/((-20)/100). Suppose -3*h - 2*o + 979 = 0, -5*h + y*o = -0*o - 1619. What is the units digit of h?
5
Suppose 0*t + 492 = -4*t. Let i = t - -183. What is the tens digit of ((i/(-18))/(-1))/((-1)/(-15))?
5
Suppose -n + 511 = 51. Let i = 1009 - n. What is the hundreds digit of i?
5
Let b = -19 - -24. Suppose 4*r + 5 = -3*m, b*m + 3 = r - 5*r. What is the units digit of 445/10 + r/4?
4
Let q = 111 + -97. Suppose q*d + d - 4665 = 0. What is the hundreds digit of d?
3
Suppose -311*q = -304*q - 1718 - 592. What is the units digit of q?
0
Let n(f) = f**3 - 8*f**2 + 3*f - 29. Let s be n(8). Let q(i) = -45*i + 1. What is the units digit of q(s)?
6
Suppose o - 3 - 3 = 5*u, 5*u - 4*o + 9 = 0. What is the units digit of (u/(9/(-21)))/(4/12)?
7
Let c be 6/(-1 - 1)*(-12)/36. Let u be 3 - 2 - -2 - (-1 - c). Suppose 2*g = -u*o + 282, 3*o = 6*g - 2*g - 590. What is the hundreds digit of g?
1
Let y(f) = 4 - 4*f + 1 + 5*f**2 + 0 + 0. Let i be y(2). Let u = 11 + i. What is the tens digit of u?
2
Suppose 5*d - 5*x = -80, -2*d + 5*x + 18 = -4*d. Let p be 4/d + 40/140. Suppose 12 = 3*m - p. What is the units digit of m?
4
Suppose 9*q + 5*q - 105509 - 296193 = 0. What is the thousands digit of q?
8
Let q(z) = 5*z**3 - 4*z**2 - 10*z - 2. Let o(c) = 4*c**3 - 3*c**2 - 9*c - 2. Let v = 42 + -47. Let g(w) = v*q(w) + 6*o(w). What is the hundreds digit of g(-4)?
1
Suppose 3*r - 4*j = -14, -4*r = -5*j + 11 + 6. What is the hundreds digit of ((-847)/(-14))/((-6)/(-336)*r)?
6
Let a = 331 + 4994. What is the units digit of a?
5
Suppose 13*f = 16*f - 12. Suppose g + 15 = -f*g. What is the units digit of g/(-2)*552/18?
6
Suppose -227 = -2*v - 399. Let a = 104 + v. What is the units digit of a?
8
Let h be 0/((-8)/(-2 - -4)). Suppose -a = -2*x + 3, h = 2*a - 0*a - 2*x - 2. Suppose -k - 2*z = -2*k + 185, -4*k = -a*z - 734. What is the units digit of k?
1
Let r = 7 - -2. Suppose -4*l + r = b - 7, 0 = -5*b. Suppose -z - l*d + d = -147, 3*d = 4*z - 633. What is the hundreds digit of z?
1
Let a(u) = u - 2. Let k be a(5). Suppose i - 542 = -5*s, -k*i - 5*s = -3*s - 1613. What is the units digit of i/5 + 2/(-5)?
7
Let c = 91348 - 46637. What is the ten thousands digit of c?
4
Let v(n) = -n**2 + 2*n + 10. Let s be v(4). Suppose -3*h = -3*k - s - 13, k = 5*h - 21. Suppose 0 = -h*o + 27 + 41. What is the units digit of o?
7
Let h(a) = 823*a**2 + 56*a + 10. What is the units digit of h(-4)?
4
Let p = 21995 - 11126. What is the ten thousands digit of p?
1
Let h(t) = 50*t - 7. Suppose -5*l + 2*l = 2*v + 153, 3*v - 3*l = -237. Let a = v - -82. What is the hundreds digit of h(a)?
1
Let n = 139 + -139. Suppose n = 4*u + 16, l + 4*u - 413 = 194. What is the tens digit of l?
2
Let a(x) = 492*x**3 + 6*x**2 - 12*x + 66. What is the tens digit of a(5)?
5
Let v be (36/14)/((-10)/(840/(-18))). Let p(g) = g**3 - 11*g**2 - 11*g + 9. Let s be p(v). Suppose -k = -0*k - s. What is the tens digit of k?
2
Let g(l) = 52*l + 7. Let w be g(5). Suppose 4*y + 29 = -w. Let v = y - -150. What is the tens digit of v?
7
Let o(x) be the first derivative of -22*x**2 + 14*x - 22. Let g be o(-3). Suppose -g + 841 = 5*b. What is the hundreds digit of b?
1
Let y = -6 - -11. Suppose -4*c = 5*n - 40, y*c - 24 = n + 26. Let r = 8 + c. What is the units digit of r?
8
Suppose -4*h - 467 = -4*v + h, 571 = 5*v - 2*h. Let t = v - -696. What is the tens digit of t?
0
Let k(x) = -10*x - 6. Let l be (42/56)/(1/4). Suppose 20 = -5*y, 4 = -l*m + m + 2*y. What is the units digit of k(m)?
4
Suppose 4*h + 2*l - 73198 = 0, -76*l + 75*l = 3*h - 54895. What is the hundreds digit of h?
2
Suppose 0 = -9*j + 5*j + 1816. Let r = 312 - j. Let f = r + 256. What is the tens digit of f?
1
Suppose 5*h - 4 = 3*k, 20*h - 5*k + 4 = 17*h. Suppose 0*i - 1191 = -4*i + 3*x, -10 = h*x. What is the hundreds digit of i?
2
Suppose 201*b + 121122 = 228*b. What is the hundreds digit of b?
4
What is the thousands digit of 2*4/(-44) + 337616/22?
5
Suppose 7974 = -14*l - 398. Let f = l - -1159. What is the units digit of f?
1
Let a(d) = 256*d**2 + 22*d - 174. What is the thousands digit of a(6)?
9
Let i(g) = 89*g + 114. Let o be i(-33). Let h = -1378 - o. What is the tens digit of h?
4
Let a be (20*-1)/4 + 1167. Suppose -a + 4187 = 11*k. What is the units digit of k?
5
Suppose -65130 = -1028*t + 1013*t. What is the units digit of t?
2
Let j be (-9)/(-36) - -311*(-15)/(-12). Let t = -173 + j. What is the hundreds digit of t?
2
Let o be (-1 - -2) + (32 + 4)*1. Suppose -34*m = -o*m + 1038. What is the hundreds digit of m?
3
Let c(j) = 585*j**2 - 510*j - 4531. What is the ten thousands digit of c(-9)?
4
Let h(y) = -333*y**3 + 3*y**2 + 87*y + 363. What is the units digit of h(-4)?
5
Suppose -5985 = -r + 5*j + 13998, 3*r - 59983 = -2*j. What is the tens digit of r?
9
Let n = -2231 - -2233. Suppose 4*b = 5*y - 13, 5*b + 3*y = -0*b + 30. Suppose b*d - i - 4*i - 382 = 0, n*d - 2*i = 252. What is the tens digit of d?
2
What is the thousands digit of 5298/8*(-16640)/(-780)?
4
Suppose t - 2*d - 3*d = 14, 4*t = -3*d + 10. Suppose 0 = -t*b + 5 + 7. Suppose -5*l = -o + 78, -194 = -3*o - 2*l - b*l. What is the units digit of o?
8
What is the tens digit of 378 - ((-4)/38 - 312/(-76))?
7
Suppose 2*h - 3*n - 9 = -2, 2*h = -n + 11. Suppose 0 = h*f - 10, -3*g + 100 = 2*f - 60. What is the units digit of g?
2
Let z(u) = -347*u - 1686. What is the units digit of z(-15)?
9
What is the thousands digit of 1531/(-4)*944/(-236)?
1
Suppose -4*n + k + 38524 = 0, 37850 + 10316 = 5*n - 4*k. What is the units digit of n?
0
Suppose -3*m - 5931 = -2*b, 7*m + 449 - 6410 = -2*b. What is the units digit of b?
0
Let l be (-3 - 0)*131/3. Suppose 101*o - 104*o - 243 = 0. Let p = o - l. What is the tens digit of p?
5
What is the thousands digit of 18/(-6)*50/(-30) - -12493?
2
Suppose 4*g = 129 + 10083. What is the tens digit of (-5 + g/9)*3/2?
1
What is the tens digit of (32/(-10) - -2)/((-12410541)/954655 - -13)?
6
Let w(b) = -b**2 - 26*b - 28. Let z(d) = -6*d + 48. Let a be (0 - -1*(13 + -2)) + 0. Let i be z(a). What is the units digit of w(i)?
6
Suppose 112864 = 8*g + 2*v, 13838 = 2*g - v - 14378. What is the units digit of g?
8
Let b(j) = -j**2 - 74 - 15*j + 2*j**2 + 76. Let q be b(16). What is the hundreds digit of 40/6*297/q?
1
Suppose 2*d - 82580 = 4*c, -5*d + 117589 = -c - 88861. What is the units digit of d?
0
Suppose -5*d + 28*t + 17926 = 26*t, -4*t = d - 3594. What is the units digit of d?
6
Let b(z) be the second derivative of 13*z**3/2 - 24*z**2 - 77*z. What is the hundreds digit of b(5)?
1
What is the tens digit of 371/49 + -8 - (4 - 392292/28)?
0
Let z = 2 - 0. Let j(c) = 32*c - 324. Let x be j(11). Suppose -4*i - z*h + 0*h = -106, i - x = h. What is the tens digit of i?
2
Let r(y) = -1639*y - 708. What is the tens digit of r(-3)?
0
Let q = 102 + -100. Suppose 3*w - 312 = -v, q*v - w - w = 600. What is the hundreds digit of v?
3
What is the hundreds digit of 1*20469 + (11 - (-21 + 35))?
4
Suppose 12 = -u + 223. Suppose 5*h - u = 799. Suppose -5*q = -l - 38 + h, -3*q = -l + 154. What is the units digit of l?
9
Let k(p) = -274*p + 8220. What is the units digit of k(-123)?
2
Let j be -3 + 1 + 7 + -7 + 2. Suppose -5*g - y + j*y + 6073 = 0, -5*g = -2*y - 6079. What is the thousands digit of g?
1
Let l be (4 - 1/(-4)*213)*4. Let s = -32 + l. What is the hundreds digit of s?
1
Let b(h) = -115*h - 80. Let i be (-600)/250 + (-3)/5. What is the units digit of b(i)?
5
Let j(h) = 4*h**2 - 10*h - 2. Let o(v) = -58*v + 12. Let d be o(0). What is the tens digit of j(d)?
5
Suppose 262988 + 149626 = 25*q + 64414. What is the units digit of q?
8
Let d(w) = 14*w - 38 - 23*w - 10*w + w**2. 